{"id":126,"date":"2026-04-15T09:55:08","date_gmt":"2026-04-15T07:55:08","guid":{"rendered":"https:\/\/xn--ostopathemontpellier-d2b.fr\/?page_id=126"},"modified":"2026-04-15T09:58:24","modified_gmt":"2026-04-15T07:58:24","slug":"consulter-sans-apprehension-une-approche-douce-de-losteopathie","status":"publish","type":"page","link":"https:\/\/xn--ostopathemontpellier-d2b.fr\/index.php\/consulter-sans-apprehension-une-approche-douce-de-losteopathie\/","title":{"rendered":"Consulter sans appr\u00e9hension, une approche douce de l&#8217;ost\u00e9opathie"},"content":{"rendered":"\n<p class=\"has-text-align-center\"><\/p>\n\n\n\n<p><\/p>\n\n\n\n<p class=\"has-text-align-center\">Pour nombre de personnes, une s\u00e9ance d&#8217;Ost\u00e9opathie rime avec faire craquer toutes les articulations possibles et imaginables.<\/p>\n\n\n\n<p class=\"has-text-align-center\">Cela fait effectivement partie des outils \u00e0 disposition, mais comme chaque outil il s&#8217;adapte \u00e0 chaque situation et chaque personne. C&#8217;est donc loin d&#8217;\u00eatre syst\u00e9matique.<\/p>\n\n\n\n<p class=\"has-text-align-center\">L&#8217;ost\u00e9opathie ne se r\u00e9sume heureusement pas \u00e0 une technique et une fa\u00e7on de faire &#8220;unique&#8221;, elle va d\u00e9pendre du th\u00e9rapeute et de son approche.<\/p>\n\n\n\n<p class=\"has-text-align-center\">Il m&#8217;arrive donc d&#8217;effectuer des manipulations articulaires de type &#8220;Thrust&#8221; (ou faire craquer si vous pr\u00e9f\u00e9rez) mais globalement dans ma pratique, mon approche reste douce et respectueuse.<\/p>\n\n\n\n<p class=\"has-text-align-center\">Une s\u00e9ance ne doit pas \u00eatre une \u00e9preuve ou une source de stress, elle se construit et se d\u00e9roule dans un cadre de confiance rassurant et respectueux.<\/p>\n\n\n\n<p class=\"has-text-align-center\">Nous travaillons \u00e0 deux. L&#8217;\u00e9change reste primordial<\/p>\n","protected":false},"excerpt":{"rendered":"<p>Pour nombre de personnes, une s\u00e9ance d&#8217;Ost\u00e9opathie rime avec faire craquer toutes les articulations possibles et imaginables. Cela fait effectivement partie des outils \u00e0 disposition, mais comme chaque outil il s&#8217;adapte \u00e0 chaque situation et chaque personne. C&#8217;est donc loin d&#8217;\u00eatre syst\u00e9matique. L&#8217;ost\u00e9opathie ne se r\u00e9sume heureusement pas \u00e0 une technique et une fa\u00e7on de [&hellip;]<\/p>\n","protected":false},"author":1,"featured_media":0,"parent":0,"menu_order":0,"comment_status":"closed","ping_status":"closed","template":"","meta":{"footnotes":""},"class_list":["post-126","page","type-page","status-publish","hentry"],"_links":{"self":[{"href":"https:\/\/xn--ostopathemontpellier-d2b.fr\/index.php\/wp-json\/wp\/v2\/pages\/126","targetHints":{"allow":["GET"]}}],"collection":[{"href":"https:\/\/xn--ostopathemontpellier-d2b.fr\/index.php\/wp-json\/wp\/v2\/pages"}],"about":[{"href":"https:\/\/xn--ostopathemontpellier-d2b.fr\/index.php\/wp-json\/wp\/v2\/types\/page"}],"author":[{"embeddable":true,"href":"https:\/\/xn--ostopathemontpellier-d2b.fr\/index.php\/wp-json\/wp\/v2\/users\/1"}],"replies":[{"embeddable":true,"href":"https:\/\/xn--ostopathemontpellier-d2b.fr\/index.php\/wp-json\/wp\/v2\/comments?post=126"}],"version-history":[{"count":3,"href":"https:\/\/xn--ostopathemontpellier-d2b.fr\/index.php\/wp-json\/wp\/v2\/pages\/126\/revisions"}],"predecessor-version":[{"id":129,"href":"https:\/\/xn--ostopathemontpellier-d2b.fr\/index.php\/wp-json\/wp\/v2\/pages\/126\/revisions\/129"}],"wp:attachment":[{"href":"https:\/\/xn--ostopathemontpellier-d2b.fr\/index.php\/wp-json\/wp\/v2\/media?parent=126"}],"curies":[{"name":"wp","href":"https:\/\/api.w.org\/{rel}","templated":true}]}}